31
Let u(z) = -875*z**3 + 6*z**2 + 7*z + 2. Let n be u(-1). Let k be 1/((-2)/(-4)*-1). What are the prime factors of (1/k)/((-6)/n)?
73
Let c(v) = 25*v**3 + 2*v**2 + v. Let p(w) = -27*w**3 - 3*w**2 + 1. Let f(u) = -3*c(u) - 2*p(u). Suppose -q - 3 = 2*q. List the prime factors of f(q).
2, 11
Suppose -2*i = -11 - 95. Suppose 57 + i = 5*k. Let b = 12 + k. List the prime factors of b.
2, 17
Let n = -728 - -1648. List the prime factors of n.
2, 5, 23
Suppose 0 = -56*o + 44*o + 8040. What are the prime factors of o?
2, 5, 67
Let o(f) be the third derivative of -f**4/24 + f**3/6 + 7*f**2. Let n be o(-1). List the prime factors of (-248)/(-3 - 1) + n.
2
Suppose -23*l = -19*l - 956. Suppose a - 76 = -3*z, 2*z + 0*z + l = 3*a. Let x = -36 + a. List the prime factors of x.
43
List the prime factors of 511/21*3*(1 + 4).
5, 73
Let x = -710 + 1105. List the prime factors of x.
5, 79
Let m = 19 - 27. List the prime factors of ((m/(-6))/(-4))/(21/(-8883)).
3, 47
Let p(u) = 9*u**2 - 2 - 8*u - 7 - u**3 + 0. Let w be p(7). Let x = w - -13. What are the prime factors of x?
2, 23
Suppose -93*m = -92*m - 5. List the prime factors of m.
5
Let g(x) = 54. Let d(w) = -w - 1. Let k(i) = -2*d(i) + g(i). Let u be k(0). Suppose -4*f + u = -0*f. List the prime factors of f.
2, 7
Suppose 0 = -r - r + 5*b - 20, -4*r - 4*b = -16. Let y(i) = -1 - 14*i**3 + r - i**2 + 11*i**3. List the prime factors of y(-2).
19
Let i(m) be the third derivative of m**5/30 + 29*m**4/24 + m**3/3 - 19*m**2. List the prime factors of i(-19).
173
What are the prime factors of (-3 + (-2040)/9)*(14 + -17)?
13, 53
Let y(i) = i**3 - 13*i**2 - 13*i - 23. Let u be y(14). List the prime factors of u/(36/(-736)) - 4.
2, 3, 5
Let n = 9 + 0. Let s = n - 4. What are the prime factors of (4 - s)/(2/(-4))?
2
Let j be 0*2/(-8) + 28. Let w be (-8)/28 - (-120)/j. Suppose -5*v - 3*x + 146 = 0, 0 = 2*v - 7*v - w*x + 143. What are the prime factors of v?
31
Suppose 51*b - 17303 = 38*b. List the prime factors of b.
11
Suppose -1185 = -51*a + 46*a. List the prime factors of a.
3, 79
Let i(j) = -35*j + 86. What are the prime factors of i(-7)?
331
What are the prime factors of (8/(-10))/((-2)/905)?
2, 181
Suppose 0 = -n - 2, -4*p + 5*n = n - 8. Suppose 4 + p = 2*m. Suppose m*u - 6*u = -228. What are the prime factors of u?
3, 19
Let n = -17 + 22. Suppose n*x - 995 = -p, -5*x - 3*p + 985 = -4*p. What are the prime factors of x?
2, 3, 11
Suppose 0 = s - 5, 0*a + 3*a + 2*s - 25 = 0. Suppose 4*i = a*z + 707 + 269, 265 = i + 4*z. List the prime factors of i.
3, 83
Let f(t) = -t + 15. Let u be f(15). Suppose -2*x - 63 = -5*b, 5*b = -2*x - u*x + 47. What are the prime factors of b?
11
Suppose z + 5 = 12. Suppose 0 = 4*t - z*t + 15. Suppose 14 = 3*j + t. List the prime factors of j.
3
Let n(m) = m**3 + 8*m**2 + 6*m - 3. Let w be n(-7). Suppose -j = s + w*j - 39, 2*s - j - 89 = 0. Suppose s = a + a. What are the prime factors of a?
2, 11
Let u = -8 - -8. Suppose u = -8*q + 9*q - 54. List the prime factors of q.
2, 3
Let w(q) = q**2 + 7*q - 8. Let c be w(8). Suppose -5*j - 2*a + 168 + c = 0, -2*j = -3*a - 112. What are the prime factors of j?
2, 7
Suppose -t + 2250 - 1995 = 0. List the prime factors of t.
3, 5, 17
Let p = -221 + 518. What are the prime factors of p?
3, 11
Let y be (-1058)/16 - (-1)/8. Let w = 38 + y. Let i = w - -51. What are the prime factors of i?
23
Suppose 2*q = -209*v + 206*v + 13678, -2*q = -v + 4562. What are the prime factors of v?
2, 3, 5, 19
Let q(a) be the second derivative of 3*a**2 + 4*a - 1/20*a**5 + 7/12*a**4 + 0 + 7/6*a**3. List the prime factors of q(6).
2, 3, 7
What are the prime factors of 764/16*((0 - -4) + 40)?
11, 191
Suppose -6*p = -7*p - 125. Let z = -72 - p. List the prime factors of z.
53
Let h(b) = 2*b - 22. Let t be h(11). Suppose -4*m - 86 - 38 = -3*q, t = -2*m + 4*q - 72. List the prime factors of (-5)/1*m/5.
2, 7
Let z(u) = -u - 19. Let v be z(-18). List the prime factors of (54 - (1 + 0)) + v.
2, 13
Suppose 4*q - 3*j - 3051 = 5304, 0 = -3*j - 15. List the prime factors of q.
3, 5, 139
Let c be ((-384)/(-3))/(-4) - 1. Let v = -24 - c. What are the prime factors of v?
3
Let c = -654 - -1586. List the prime factors of c.
2, 233
Let i be 9/12 + 305/20. Let d be (-1)/(4 + (-66)/i). Let x(r) = 2*r**2 - 11*r - 2. What are the prime factors of x(d)?
2, 19
Let j be ((-1)/(-3))/(4/12). What are the prime factors of j - -1*(2 + 43)?
2, 23
Let q = 126 - -82. Suppose 4*h = -4*h + q. What are the prime factors of h?
2, 13
Let d = 955 - 366. List the prime factors of d.
19, 31
Suppose 25*b - 5304 = 19*b. What are the prime factors of b?
2, 13, 17
Let d(r) = r**2 - r - 4. Let f be d(-4). Let q = f + -12. Suppose -a + 20 = 3*h - 32, -q*h - 3*a = -61. List the prime factors of h.
19
Let d be ((-4)/(-1) - 36) + 3. Let z = -29 - d. Suppose z*x - 66 = -3*x. List the prime factors of x.
2, 11
Suppose -4*c = v + 16 - 40, -3*c = -3*v - 3. Suppose 4*z = -z, -c*z - 134 = -2*i. List the prime factors of i.
67
Suppose -2903 = -5*k - 113. List the prime factors of k.
2, 3, 31
Let d(r) = r**2 - 12*r + 22. Let h be d(10). Suppose h*p - 83 = 13. List the prime factors of p.
2, 3
Suppose -13*d + 8513 = 1324. What are the prime factors of d?
7, 79
Suppose -4*n - 3*d = -9594, -2*n = 4*d + 78 - 4880. What are the prime factors of n?
3, 17, 47
Let p(r) = -2*r**2 + 20*r - 12. Let l be p(11). What are the prime factors of -1*(0 + l/2)?
17
Let r(d) = 180*d - 806. What are the prime factors of r(9)?
2, 11, 37
List the prime factors of (-3066)/(-6) - 6/1.
5, 101
Let o be (-6 - -6)*2/4. Suppose f + 2*f - 27 = o. Let c = f - -2. What are the prime factors of c?
11
Let j = 1313 + -895. List the prime factors of j.
2, 11, 19
Let j = -995 - -3471. What are the prime factors of j?
2, 619
Suppose -40*l + 57*l - 10319 = 0. What are the prime factors of l?
607
Let i(k) = -2*k - 168. Let o be i(0). Let p = o + 333. Suppose 0 = -6*t + 11*t - p. What are the prime factors of t?
3, 11
Let g(x) = -4*x**3 + 6*x**2 - 16*x - 25. What are the prime factors of g(-6)?
1151
Suppose -4*b - 5*v + 3*v = -34, 25 = 4*b - v. Suppose -10 = -b*d + 2*d. What are the prime factors of -17*(0 - (d - 1))?
17
Let v = 830 - 480. Suppose -7*s = -2*s - v. What are the prime factors of s?
2, 5, 7
Let w(g) = g**3 + 13*g**2 + 4*g - 9. Suppose 4*i = -i - 20, -5*x - 2*i = 68. List the prime factors of w(x).
3, 29
Let f be (-92)/(-138) - (16/3)/(-1). What are the prime factors of 54/4*f + 0?
3
Suppose -4*v = -5*j + 54 - 16, -5*v - 45 = -5*j. Let s(w) = -w**3 - 8*w**2 - 6*w - 2. Let z be s(v). Let m = z + 27. List the prime factors of m.
2, 3
Suppose 3*c = 6*c. Suppose c*w + w + j + 40 = 0, -4*w - 181 = -3*j. Let x = -1 - w. List the prime factors of x.
2, 3, 7
Let p(v) = -186*v + 724. List the prime factors of p(-8).
2, 7, 79
Let n = 27 - 19. Let m(g) = 22*g**2 - 11*g - 5. Let z be m(n). List the prime factors of z/45 + (-2)/9.
29
Suppose -3757 = -11*g - 2*g. List the prime factors of g.
17
Suppose -2*b - 5*k = -30, 3*b - k + 8 = 87. Suppose 0 = 5*w + r - b, -2*r = -2*w + 2*r - 12. What are the prime factors of 6/(-4) - (-134)/w?
2
Let j(s) = 9 - 2*s**2 - 1 - 9 - 29*s**3 + 3*s**2. What are the prime factors of j(-1)?
29
Let v(g) = 9*g + 2. Let u be (-1)/2*4*(0 - 2). What are the prime factors of v(u)?
2, 19
Let y(h) = -3*h**3 - 6*h**2 + 7*h - 1. Let m be y(-5). Suppose 51*z = 52*z - m. List the prime factors of z.
3, 7
Suppose 2*f - 800 = -2*d, 2*d = 2*f - 0*f + 780. List the prime factors of d.
5, 79
Let o = 695 + -363. What are the prime factors of o?
2, 83
Let s = 2608 + 478. What are the prime factors of s?
2, 1543
Suppose v + 14181 = 5*l - 2342, -5*l - 5*v + 16535 = 0. What are the prime factors of l?
5, 661
Suppose 2*a - 11*n + 14*n = 6918, n + 6910 = 2*a. What are the prime factors of a?
2, 3
Let g(t) = -t**2 + 15*t - 9. Suppose -1 = 2*m - 27. List the prime factors of g(m).
17
Let o = -55 + 73. Suppose -o*n = -26*n + 1904. List the prime factors of n.
2, 7, 17
List the prime factors of (12 - -157)*(-18)/(-2).
3, 13
Suppose -119*o + 123*o - 11584 = 0. List the prime factors of o.
2, 181
Let c be 4/(-10) + (-81)/(-15). Suppose -2*k - 15 = -c*d, -3*d + 8*d - 30 = 3*k. What are the prime factors of ((-39)/k - 1)*5?
2
Let n(p) = 2*p**3 - 10*p**2 + 5*p + 8. Let 